{"id":1544,"date":"2020-10-13T13:49:16","date_gmt":"2020-10-13T11:49:16","guid":{"rendered":"http:\/\/nowa.helpful.pl\/?page_id=1544"},"modified":"2020-10-13T13:49:16","modified_gmt":"2020-10-13T11:49:16","slug":"wsparcie-wlascicieli-i-zarzadcow","status":"publish","type":"page","link":"http:\/\/nowa.helpful.pl\/?page_id=1544","title":{"rendered":"Wsparcie w\u0142a\u015bcicieli i zarz\u0105dc\u00f3w"},"content":{"rendered":"","protected":false},"excerpt":{"rendered":"","protected":false},"author":1,"featured_media":0,"parent":0,"menu_order":0,"comment_status":"closed","ping_status":"closed","template":"","meta":[],"_links":{"self":[{"href":"http:\/\/nowa.helpful.pl\/index.php?rest_route=\/wp\/v2\/pages\/1544"}],"collection":[{"href":"http:\/\/nowa.helpful.pl\/index.php?rest_route=\/wp\/v2\/pages"}],"about":[{"href":"http:\/\/nowa.helpful.pl\/index.php?rest_route=\/wp\/v2\/types\/page"}],"author":[{"embeddable":true,"href":"http:\/\/nowa.helpful.pl\/index.php?rest_route=\/wp\/v2\/users\/1"}],"replies":[{"embeddable":true,"href":"http:\/\/nowa.helpful.pl\/index.php?rest_route=%2Fwp%2Fv2%2Fcomments&post=1544"}],"version-history":[{"count":1,"href":"http:\/\/nowa.helpful.pl\/index.php?rest_route=\/wp\/v2\/pages\/1544\/revisions"}],"predecessor-version":[{"id":1545,"href":"http:\/\/nowa.helpful.pl\/index.php?rest_route=\/wp\/v2\/pages\/1544\/revisions\/1545"}],"wp:attachment":[{"href":"http:\/\/nowa.helpful.pl\/index.php?rest_route=%2Fwp%2Fv2%2Fmedia&parent=1544"}],"curies":[{"name":"wp","href":"https:\/\/api.w.org\/{rel}","templated":true}]}}